 divisor of k and a.
6
Suppose -3*u + 206 = 4*m, 2*u - 144 = -0*u + 4*m. Calculate the greatest common factor of 1470 and u.
70
Let h = 66 + -41. Suppose t + t + 228 = -2*q, -t = -2*q + 117. Let c = t - -190. Calculate the highest common factor of h and c.
25
Let i be (-1)/(10570/(-1320) - -8). What is the highest common factor of i and 660?
132
Let p be 35/(-10)*12*2/(-3). What is the highest common divisor of p and 52?
4
Let d be (8/(-4) - -3)*-2. Let b(u) = -728*u**3 + u**2 - 1. Let z be b(-1). Let l be 2 + d + z/7. What is the greatest common divisor of 13 and l?
13
Suppose -199 = -2*n + 3*c, c + c - 96 = -n. Let x = 31 - 17. Calculate the highest common factor of n and x.
14
Let p be ((-6)/(-4))/(3/8). Let g = 0 + p. Let q be 62/2 - (1 + -2). What is the greatest common divisor of g and q?
4
Suppose 3*p - 19 = 8. Suppose 20*i = -i + 126. Calculate the highest common divisor of p and i.
3
Let l(q) = -17*q + 50. Let n be l(2). Suppose -k - i + 26 = i, -k + 2*i = -22. What is the greatest common factor of n and k?
8
Suppose 9*j = -23 - 4. Let d = j + 13. Suppose -3*r = -52 - 8. Calculate the highest common factor of r and d.
10
Let w = 23 + -21. Let m be (w*1)/((-12)/(-96)). Suppose 0*z + m = z. What is the greatest common divisor of 112 and z?
16
Let c be (-304)/(-38) - -7*1. Calculate the greatest common divisor of 345 and c.
15
Let q be (-66)/10*(-3 - 17). What is the highest common factor of 231 and q?
33
Let m = -33 + 119. Calculate the greatest common divisor of 43 and m.
43
Suppose u = 6*u - 120. Let b be (64/(-6))/(13/(-3) - -4). What is the highest common factor of b and u?
8
Let t(p) = -21*p**3 + 5*p**2 + p + 2. Let l be t(-2). Suppose 3*q + 9 = 6*q, -3*k + 132 = -3*q. What is the highest common factor of k and l?
47
Suppose -3*j + 49 = 2*l, 4*j + 15 - 52 = 3*l. Suppose -4*x - 453 = -3*v, 196*x = 4*v + 195*x - 578. Calculate the highest common factor of j and v.
13
Let n = 23 - 49. Let i = n - -34. Suppose -2*u - 160 = -10*u. Calculate the greatest common factor of u and i.
4
Suppose -12*l + 568 = -1268. What is the greatest common factor of 85 and l?
17
Suppose 16*a - 136 - 104 = 0. Calculate the highest common divisor of 255 and a.
15
Let r be 304/22 + (-12)/(-66). Let t be (1 + 5 - -22) + 0. What is the greatest common divisor of t and r?
14
Let o(k) = 4*k**2 + 8*k + 12. Let d be (-190)/(-25) + (-2)/(-5). Let c = d - 15. Let f be o(c). What is the highest common factor of 19 and f?
19
Let y(a) = -25*a - 36*a + 39*a + 2. Let b be y(-1). What is the highest common divisor of 3 and b?
3
Suppose -58 = -2*k + z, -5*k - 2*z + 121 = -33. Calculate the greatest common factor of k and 195.
15
Suppose -3*d - 18 = 12. Let k = 10 + d. Suppose 4*o - 246 + 6 = k. Calculate the highest common divisor of o and 24.
12
Suppose -3*w + 0*c + c + 6 = 0, -c = 4*w - 1. Let r be 1*-1*(-72)/w. Suppose 2*j = -j + r. Calculate the highest common divisor of j and 12.
12
Let x be 1617/132 + 2/(0 - 8). Calculate the highest common divisor of x and 32.
4
Suppose -2*r - 6 + 60 = 4*c, -5*c - 120 = -5*r. What is the highest common divisor of 200 and r?
25
Let b(t) = -2*t - 10. Let h be b(-6). Suppose p = h*p - 17. What is the highest common factor of 68 and p?
17
Let v = -36 - -30. Let z(x) = 4*x + 36. Let t be z(v). What is the greatest common factor of t and 8?
4
Suppose 0 = 3*p - 3*o - 1218, p - 2*p + 407 = -2*o. Let c be 1 + (-9)/6 - p/(-10). What is the greatest common divisor of c and 8?
8
Suppose -7*s + 16 = -3*s. Let f be 75/(s*(-3)/(-8)). Let u = f + -34. What is the highest common divisor of 4 and u?
4
Let m = 23 + -22. What is the highest common divisor of 5 and m?
1
Suppose -9*f + 30 = f. Let t be (-1275)/100*(0 + (-3 - 1)). Calculate the greatest common divisor of t and f.
3
Let b = 3008 - 3000. Let m(a) = 5*a - 2. Let s be m(2). What is the highest common factor of s and b?
8
Let m be ((-38)/10 - (-9 + 6))*-15. Let v = -26 - -16. Let n = v + m. What is the highest common factor of n and 3?
1
Suppose -4*w - 4*b = -184, 0 = -5*b + 9*b. What is the greatest common factor of 437 and w?
23
Suppose -945 = -20*k - k. Calculate the highest common divisor of 216 and k.
9
Suppose -26 = -11*j + 7. Suppose -j*l - 5*v + 3*v + 118 = 0, v = 5. Let q = -13 + 31. Calculate the highest common factor of l and q.
18
Let p be (12/(-36))/(5/(-6360)). Calculate the greatest common divisor of 16 and p.
8
Suppose 2*d + 980 = -2*v, -3*v - 4*d + 9*d - 1438 = 0. Let p be (-39)/104 + v/(-16). What is the greatest common divisor of 90 and p?
30
Let r(n) = -2*n**2 + 15*n - 29. Let f be r(5). Let b be (12/f + (-1 - -19))*1. What is the greatest common factor of 35 and b?
5
Let u(w) = -11*w - 19. Let d be u(-3). Calculate the greatest common divisor of d and 1057.
7
Let w be (-8)/(-2) + 38/(-19). Suppose w*a - 180 = -3*a. Calculate the highest common factor of a and 9.
9
Suppose 0 = -2*i + w + 48, 115 = 4*i - 3*w + 15. What is the greatest common divisor of 143 and i?
11
Let v = -68 - -72. Suppose 2*w - 46 = -3*i - i, -4*i - 44 = -v*w. Calculate the greatest common divisor of 3 and w.
3
Let k(c) = c**2 + 7*c - 16. Let y be k(-13). What is the greatest common factor of y and 682?
62
Suppose 5*k + 18 = 8*k. Let q(t) = -t**3 + 10*t**2 - 18*t + 9. Let p be q(7). Calculate the greatest common factor of p and k.
6
Let h(p) = -2*p**2 + 30*p - 4. Let t be h(11). What is the greatest common divisor of t and 60?
12
Let j(k) be the third derivative of 1/60*k**5 + 5*k**2 - 1/4*k**4 + 0*k + 0 - 5/3*k**3. Let z be j(13). Calculate the greatest common divisor of 9 and z.
9
Let l be 2/(-10) - 483/(-115). Let o be 12 + 0 + (1 - 1). Calculate the greatest common divisor of o and l.
4
Suppose g + 2*q = -68, 0*q = -2*g - 2*q - 146. Let s = -23 - g. Let w be 2/(-3)*(-66)/2. Calculate the highest common factor of w and s.
11
Suppose 307 = 5*q + 2*k, 0 = -9*q + 6*q - 2*k + 181. Suppose 108 = 2*v + 2*v. What is the highest common factor of v and q?
9
Let v be (6 + (0 - 5))*619. Suppose 10*f = 13*f - 2*u - v, 2*f - 419 = -5*u. What is the highest common factor of f and 23?
23
Let l be ((-9)/6)/((-9)/24). Suppose -1 + 13 = -l*o. Let t = 7 + o. What is the highest common divisor of 44 and t?
4
Let y = -1356 + 1486. Calculate the greatest common divisor of y and 26.
26
Suppose 2*n + 4 = 0, -5*f + 26 = 2*n - 5*n. Let h be ((-6)/4)/(2/(-4)). Suppose 11 = 2*m + h. What is the highest common factor of f and m?
4
Let u(z) = z**3 + 7*z**2 + 2*z. Let l be u(-3). Suppose -27*p = -30*p + 36. What is the highest common factor of l and p?
6
Let a = 6 - 5. Let v be 18/(-54)*(-2 - 1/1). What is the greatest common factor of v and a?
1
Suppose 0 = -40*h + 762 + 918. Let x(f) = -f**2 + f + 6. Let z be x(0). Calculate the highest common factor of z and h.
6
Let d(i) = -i**2 - 8*i + 11. Let m be d(-16). Let c = -92 - m. Let n = 286 - 11. Calculate the highest common divisor of c and n.
25
Let x(c) = 81*c - 3. Let i be x(1). Suppose 4*p + 569 = 5*h, -h + 3*p - p + 109 = 0. Calculate the highest common divisor of h and i.
39
Let c(k) = 10*k + 17. Let d be c(6). Calculate the greatest common factor of d and 11.
11
Let s be ((-132)/(-9))/(((-12)/18)/(-1)). Let h be 2*26*2 + (s - 26). Calculate the greatest common divisor of 20 and h.
20
Let m(b) = -4*b**3 - b**2 - b - 8. Let h be m(-2). Calculate the greatest common factor of 99 and h.
11
Let o be -2 - -1 - 24 - -1. Let b be (1/(-2))/(1/o). Suppose 17*p + 25*p - 334 = 674. What is the highest common divisor of p and b?
12
Suppose -4*k + l = -81, 3*k - 4*l + l = 63. Let u be 0 + 369/15 - (-8)/k. What is the greatest common divisor of u and 25?
25
Let r = 10 + -7. Let v = 14 + r. Let f be (-2)/(-3)*(-153)/(-6). Calculate the highest common divisor of v and f.
17
Let j(b) = -6*b - 3. Suppose 12 - 4 = -4*y. Let g be j(y). Let u = 79 + -16. Calculate the highest common factor of u and g.
9
Let m be 8/5 + 26/65. Calculate the highest common factor of m and 19.
1
Let x(l) = 16*l - 2. Let h be x(-1). Let v = 19 + h. What is the highest common factor of v and 7?
1
Let k be ((-20)/(-5) - 10) + (-1 - -103). What is the highest common factor of k and 36?
12
Suppose 0*d = d - 2. Suppose d*p + 4*t = 7*p - 300, -t = 0. Suppose 5*v - p = v. What is the greatest common factor of 10 and v?
5